[INFO] fetching crate grin_wallet_api 4.0.0...
[INFO] checking grin_wallet_api-4.0.0 against master#af3c6e733a40e671550e0f0f5aeecaa13772ba56 for pr-74989
[INFO] extracting crate grin_wallet_api 4.0.0 into /workspace/builds/worker-4/source
[INFO] validating manifest of crates.io crate grin_wallet_api 4.0.0 on toolchain af3c6e733a40e671550e0f0f5aeecaa13772ba56
[INFO] running `Command { std: "/workspace/cargo-home/bin/cargo" "+af3c6e733a40e671550e0f0f5aeecaa13772ba56" "read-manifest" "--manifest-path" "Cargo.toml", kill_on_drop: false }`
[INFO] started tweaking crates.io crate grin_wallet_api 4.0.0
[INFO] finished tweaking crates.io crate grin_wallet_api 4.0.0
[INFO] tweaked toml for crates.io crate grin_wallet_api 4.0.0 written to /workspace/builds/worker-4/source/Cargo.toml
[INFO] running `Command { std: "/workspace/cargo-home/bin/cargo" "+af3c6e733a40e671550e0f0f5aeecaa13772ba56" "generate-lockfile" "--manifest-path" "Cargo.toml" "-Zno-index-update", kill_on_drop: false }`
[INFO] running `Command { std: "/workspace/cargo-home/bin/cargo" "+af3c6e733a40e671550e0f0f5aeecaa13772ba56" "fetch" "--locked" "--manifest-path" "Cargo.toml", kill_on_drop: false }`
[INFO] running `Command { std: "docker" "create" "-v" "/var/lib/crater-agent-workspace/builds/worker-4/target:/opt/rustwide/target:rw,Z" "-v" "/var/lib/crater-agent-workspace/builds/worker-4/source:/opt/rustwide/workdir:ro,Z" "-v" "/var/lib/crater-agent-workspace/cargo-home:/opt/rustwide/cargo-home:ro,Z" "-v" "/var/lib/crater-agent-workspace/rustup-home:/opt/rustwide/rustup-home:ro,Z" "-e" "SOURCE_DIR=/opt/rustwide/workdir" "-e" "CARGO_TARGET_DIR=/opt/rustwide/target" "-e" "CARGO_HOME=/opt/rustwide/cargo-home" "-e" "RUSTUP_HOME=/opt/rustwide/rustup-home" "-w" "/opt/rustwide/workdir" "-m" "1610612736" "--user" "0:0" "--network" "none" "rustops/crates-build-env@sha256:d92eaeed33fa75130ca1ee6c8a01d1ffb62bac859dfdfb3450e3e5d1c0146529" "/opt/rustwide/cargo-home/bin/cargo" "+af3c6e733a40e671550e0f0f5aeecaa13772ba56" "metadata" "--no-deps" "--format-version=1", kill_on_drop: false }`
[INFO] [stderr] WARNING: Your kernel does not support swap limit capabilities or the cgroup is not mounted. Memory limited without swap.
[INFO] [stdout] 0931e786e5cb2e611649530ed7604ce6f85116776721f6fe93c3418f6d1a450d
[INFO] running `Command { std: "docker" "start" "-a" "0931e786e5cb2e611649530ed7604ce6f85116776721f6fe93c3418f6d1a450d", kill_on_drop: false }`
[INFO] running `Command { std: "docker" "inspect" "0931e786e5cb2e611649530ed7604ce6f85116776721f6fe93c3418f6d1a450d", kill_on_drop: false }`
[INFO] running `Command { std: "docker" "rm" "-f" "0931e786e5cb2e611649530ed7604ce6f85116776721f6fe93c3418f6d1a450d", kill_on_drop: false }`
[INFO] [stdout] 0931e786e5cb2e611649530ed7604ce6f85116776721f6fe93c3418f6d1a450d
[INFO] running `Command { std: "docker" "create" "-v" "/var/lib/crater-agent-workspace/builds/worker-4/target:/opt/rustwide/target:rw,Z" "-v" "/var/lib/crater-agent-workspace/builds/worker-4/source:/opt/rustwide/workdir:ro,Z" "-v" "/var/lib/crater-agent-workspace/cargo-home:/opt/rustwide/cargo-home:ro,Z" "-v" "/var/lib/crater-agent-workspace/rustup-home:/opt/rustwide/rustup-home:ro,Z" "-e" "SOURCE_DIR=/opt/rustwide/workdir" "-e" "CARGO_TARGET_DIR=/opt/rustwide/target" "-e" "CARGO_INCREMENTAL=0" "-e" "RUST_BACKTRACE=full" "-e" "RUSTFLAGS=--cap-lints=forbid" "-e" "CARGO_HOME=/opt/rustwide/cargo-home" "-e" "RUSTUP_HOME=/opt/rustwide/rustup-home" "-w" "/opt/rustwide/workdir" "-m" "1610612736" "--user" "0:0" "--network" "none" "rustops/crates-build-env@sha256:d92eaeed33fa75130ca1ee6c8a01d1ffb62bac859dfdfb3450e3e5d1c0146529" "/opt/rustwide/cargo-home/bin/cargo" "+af3c6e733a40e671550e0f0f5aeecaa13772ba56" "check" "--frozen" "--all" "--all-targets" "--message-format=json", kill_on_drop: false }`
[INFO] [stderr] WARNING: Your kernel does not support swap limit capabilities or the cgroup is not mounted. Memory limited without swap.
[INFO] [stdout] 1d68a462633fdbd9ac79c2c525201a8ea32111d44fa322e76de84d2a4e912ad7
[INFO] running `Command { std: "docker" "start" "-a" "1d68a462633fdbd9ac79c2c525201a8ea32111d44fa322e76de84d2a4e912ad7", kill_on_drop: false }`
[INFO] [stderr]     Checking once_cell v1.4.1
[INFO] [stderr]     Checking smallvec v1.4.2
[INFO] [stderr]     Checking base64 v0.12.3
[INFO] [stderr]     Checking subtle v2.3.0
[INFO] [stderr]     Checking base64 v0.11.0
[INFO] [stderr]     Checking siphasher v0.3.3
[INFO] [stderr]    Compiling lexical-core v0.7.4
[INFO] [stderr]     Checking static_assertions v1.1.0
[INFO] [stderr]     Checking arrayvec v0.5.1
[INFO] [stderr]    Compiling doc-comment v0.3.3
[INFO] [stderr]     Checking cookie-factory v0.3.1
[INFO] [stderr]     Checking either v1.6.0
[INFO] [stderr]    Compiling sysinfo v0.14.15
[INFO] [stderr]     Checking bech32 v0.7.2
[INFO] [stderr]     Checking strum v0.18.0
[INFO] [stderr]     Checking bs58 v0.3.1
[INFO] [stderr]    Compiling num-integer v0.1.43
[INFO] [stderr]    Compiling num-iter v0.1.41
[INFO] [stderr]    Compiling rayon v1.4.0
[INFO] [stderr]    Compiling nom v5.1.2
[INFO] [stderr]     Checking radix64 v0.6.2
[INFO] [stderr]     Checking futures-task v0.3.5
[INFO] [stderr]     Checking parking_lot_core v0.7.2
[INFO] [stderr]     Checking dirs-sys v0.3.5
[INFO] [stderr]     Checking ring v0.16.15
[INFO] [stderr]     Checking block-cipher-trait v0.6.2
[INFO] [stderr]     Checking crypto-mac v0.7.0
[INFO] [stderr]     Checking stream-cipher v0.3.2
[INFO] [stderr]     Checking universal-hash v0.3.0
[INFO] [stderr]     Checking aead v0.2.0
[INFO] [stderr]     Checking crossbeam-channel v0.4.4
[INFO] [stderr]    Compiling async-trait v0.1.40
[INFO] [stderr]    Compiling strum_macros v0.18.0
[INFO] [stderr]     Checking sha2 v0.8.2
[INFO] [stderr]     Checking dirs v2.0.2
[INFO] [stderr]     Checking aes-soft v0.3.3
[INFO] [stderr]     Checking blowfish v0.4.0
[INFO] [stderr]     Checking block-modes v0.3.3
[INFO] [stderr]     Checking pbkdf2 v0.3.0
[INFO] [stderr]     Checking hmac v0.7.1
[INFO] [stderr]     Checking ctr v0.3.2
[INFO] [stderr]     Checking c2-chacha v0.2.4
[INFO] [stderr]     Checking poly1305 v0.5.2
[INFO] [stderr]     Checking parking_lot v0.10.2
[INFO] [stderr]     Checking serde-value v0.6.0
[INFO] [stderr]     Checking toml v0.5.6
[INFO] [stderr]     Checking uuid v0.8.1
[INFO] [stderr]     Checking zeroize v1.1.0
[INFO] [stderr]     Checking futures-util v0.3.5
[INFO] [stderr]     Checking hkdf v0.8.0
[INFO] [stderr]     Checking scrypt v0.2.0
[INFO] [stderr]     Checking aes-ctr v0.3.0
[INFO] [stderr]     Checking aes v0.3.2
[INFO] [stderr]     Checking curve25519-dalek v3.0.0
[INFO] [stderr]     Checking curve25519-dalek v2.1.0
[INFO] [stderr]     Checking chacha20poly1305 v0.4.1
[INFO] [stderr]     Checking bcrypt-pbkdf v0.1.0
[INFO] [stderr]     Checking secrecy v0.6.0
[INFO] [stderr]     Checking rayon-core v1.8.0
[INFO] [stderr]     Checking tokio-tls v0.3.1
[INFO] [stderr]     Checking chrono v0.4.15
[INFO] [stderr]     Checking num-bigint v0.2.6
[INFO] [stderr]     Checking x25519-dalek v0.6.0
[INFO] [stderr]     Checking ed25519-dalek v1.0.0
[INFO] [stderr]     Checking sct v0.6.0
[INFO] [stderr]     Checking webpki v0.21.3
[INFO] [stderr]     Checking num-rational v0.2.4
[INFO] [stderr]     Checking ct-logs v0.6.0
[INFO] [stderr]     Checking rustls v0.17.0
[INFO] [stderr]     Checking num v0.2.1
[INFO] [stderr]     Checking log4rs v0.12.0
[INFO] [stderr]     Checking timer v0.2.0
[INFO] [stderr]     Checking async-socks5 v0.3.2
[INFO] [stderr]     Checking grin_util v4.0.2
[INFO] [stderr]     Checking grin_keychain v4.0.2
[INFO] [stderr]     Checking h2 v0.2.6
[INFO] [stderr]     Checking futures-executor v0.3.5
[INFO] [stderr]     Checking age-core v0.4.0
[INFO] [stderr]     Checking futures v0.3.5
[INFO] [stderr]     Checking age v0.4.0
[INFO] [stderr]     Checking tokio-rustls v0.13.1
[INFO] [stderr]     Checking rustls-native-certs v0.3.0
[INFO] [stderr]     Checking grin_core v4.0.2
[INFO] [stderr]     Checking grin_store v4.0.2
[INFO] [stderr]     Checking grin_pool v4.0.2
[INFO] [stderr]     Checking grin_chain v4.0.2
[INFO] [stderr]     Checking grin_p2p v4.0.2
[INFO] [stderr]     Checking hyper v0.13.7
[INFO] [stderr]     Checking hyper-timeout v0.3.1
[INFO] [stderr]     Checking hyper-rustls v0.20.0
[INFO] [stderr]     Checking hyper-tls v0.4.3
[INFO] [stderr]     Checking hyper-socks2-mw v0.4.4
[INFO] [stderr]     Checking grin_api v4.0.2
[INFO] [stderr]     Checking grin_wallet_util v4.0.0
[INFO] [stderr]     Checking grin_wallet_config v4.0.0
[INFO] [stderr]     Checking grin_wallet_libwallet v4.0.0
[INFO] [stdout] error[E0599]: no method named `verify` found for struct `ed25519_dalek::PublicKey` in the current scope
[INFO] [stdout]     --> /opt/rustwide/cargo-home/registry/src/github.com-1ecc6299db9ec823/grin_wallet_libwallet-4.0.0/src/api_impl/owner.rs:1189:22
[INFO] [stdout]      |
[INFO] [stdout] 1189 |     if recipient_pubkey.verify(&msg, &proof.recipient_sig).is_err() {
[INFO] [stdout]      |                         ^^^^^^ method not found in `ed25519_dalek::PublicKey`
[INFO] [stdout]      |
[INFO] [stdout]      = help: items from traits can only be used if the trait is in scope
[INFO] [stdout]      = note: the following trait is implemented but not in scope; perhaps add a `use` for it:
[INFO] [stdout]              `use ed25519_dalek::Verifier;`
[INFO] [stdout] 
[INFO] [stdout] 
[INFO] [stdout] error[E0599]: no method named `verify` found for struct `ed25519_dalek::PublicKey` in the current scope
[INFO] [stdout]     --> /opt/rustwide/cargo-home/registry/src/github.com-1ecc6299db9ec823/grin_wallet_libwallet-4.0.0/src/api_impl/owner.rs:1194:19
[INFO] [stdout]      |
[INFO] [stdout] 1194 |     if sender_pubkey.verify(&msg, &proof.sender_sig).is_err() {
[INFO] [stdout]      |                      ^^^^^^ method not found in `ed25519_dalek::PublicKey`
[INFO] [stdout]      |
[INFO] [stdout]      = help: items from traits can only be used if the trait is in scope
[INFO] [stdout]      = note: the following trait is implemented but not in scope; perhaps add a `use` for it:
[INFO] [stdout]              `use ed25519_dalek::Verifier;`
[INFO] [stdout] 
[INFO] [stdout] 
[INFO] [stdout] error[E0599]: no method named `sign` found for struct `Keypair` in the current scope
[INFO] [stdout]    --> /opt/rustwide/cargo-home/registry/src/github.com-1ecc6299db9ec823/grin_wallet_libwallet-4.0.0/src/internal/tx.rs:493:13
[INFO] [stdout]     |
[INFO] [stdout] 493 |     Ok(keypair.sign(&msg))
[INFO] [stdout]     |                ^^^^ method not found in `Keypair`
[INFO] [stdout]     |
[INFO] [stdout]     = help: items from traits can only be used if the trait is in scope
[INFO] [stdout]     = note: the following trait is implemented but not in scope; perhaps add a `use` for it:
[INFO] [stdout]             `use ed25519_dalek::Signer;`
[INFO] [stdout] 
[INFO] [stdout] 
[INFO] [stdout] error[E0599]: no method named `verify` found for struct `ed25519_dalek::PublicKey` in the current scope
[INFO] [stdout]    --> /opt/rustwide/cargo-home/registry/src/github.com-1ecc6299db9ec823/grin_wallet_libwallet-4.0.0/src/internal/tx.rs:577:25
[INFO] [stdout]     |
[INFO] [stdout] 577 |         if p.receiver_address.verify(&msg, &sig).is_err() {
[INFO] [stdout]     |                               ^^^^^^ method not found in `ed25519_dalek::PublicKey`
[INFO] [stdout]     |
[INFO] [stdout]     = help: items from traits can only be used if the trait is in scope
[INFO] [stdout]     = note: the following trait is implemented but not in scope; perhaps add a `use` for it:
[INFO] [stdout]             `use ed25519_dalek::Verifier;`
[INFO] [stdout] 
[INFO] [stdout] 
[INFO] [stdout] error[E0599]: no function or associated item named `from_bytes` found for struct `ed25519_dalek::Signature` in the current scope
[INFO] [stdout]    --> /opt/rustwide/cargo-home/registry/src/github.com-1ecc6299db9ec823/grin_wallet_libwallet-4.0.0/src/slate_versions/ser.rs:390:21
[INFO] [stdout]     |
[INFO] [stdout] 390 |                 DalekSignature::from_bytes(&b).map_err(|err| Error::custom(err.to_string()))
[INFO] [stdout]     |                                 ^^^^^^^^^^
[INFO] [stdout]     |                                 |
[INFO] [stdout]     |                                 function or associated item not found in `ed25519_dalek::Signature`
[INFO] [stdout]     |                                 help: there is an associated function with a similar name: `to_bytes`
[INFO] [stdout]     |
[INFO] [stdout]     = help: items from traits can only be used if the trait is in scope
[INFO] [stdout]     = note: the following trait is implemented but not in scope; perhaps add a `use` for it:
[INFO] [stdout]             `use ed25519_dalek::ed25519::signature::Signature;`
[INFO] [stdout] 
[INFO] [stdout] 
[INFO] [stdout] error[E0599]: no function or associated item named `from_bytes` found for struct `ed25519_dalek::Signature` in the current scope
[INFO] [stdout]    --> /opt/rustwide/cargo-home/registry/src/github.com-1ecc6299db9ec823/grin_wallet_libwallet-4.0.0/src/slate_versions/ser.rs:425:22
[INFO] [stdout]     |
[INFO] [stdout] 425 |                     DalekSignature::from_bytes(&b)
[INFO] [stdout]     |                                     ^^^^^^^^^^
[INFO] [stdout]     |                                     |
[INFO] [stdout]     |                                     function or associated item not found in `ed25519_dalek::Signature`
[INFO] [stdout]     |                                     help: there is an associated function with a similar name: `to_bytes`
[INFO] [stdout]     |
[INFO] [stdout]     = help: items from traits can only be used if the trait is in scope
[INFO] [stdout]     = note: the following trait is implemented but not in scope; perhaps add a `use` for it:
[INFO] [stdout]             `use ed25519_dalek::ed25519::signature::Signature;`
[INFO] [stdout] 
[INFO] [stdout] 
[INFO] [stdout] error[E0599]: no function or associated item named `from_bytes` found for struct `ed25519_dalek::Signature` in the current scope
[INFO] [stdout]    --> /opt/rustwide/cargo-home/registry/src/github.com-1ecc6299db9ec823/grin_wallet_libwallet-4.0.0/src/slate_versions/ser.rs:463:22
[INFO] [stdout]     |
[INFO] [stdout] 463 |                     DalekSignature::from_bytes(&b)
[INFO] [stdout]     |                                     ^^^^^^^^^^
[INFO] [stdout]     |                                     |
[INFO] [stdout]     |                                     function or associated item not found in `ed25519_dalek::Signature`
[INFO] [stdout]     |                                     help: there is an associated function with a similar name: `to_bytes`
[INFO] [stdout]     |
[INFO] [stdout]     = help: items from traits can only be used if the trait is in scope
[INFO] [stdout]     = note: the following trait is implemented but not in scope; perhaps add a `use` for it:
[INFO] [stdout]             `use ed25519_dalek::ed25519::signature::Signature;`
[INFO] [stdout] 
[INFO] [stdout] 
[INFO] [stdout] error[E0599]: no function or associated item named `from_bytes` found for struct `ed25519_dalek::Signature` in the current scope
[INFO] [stdout]    --> /opt/rustwide/cargo-home/registry/src/github.com-1ecc6299db9ec823/grin_wallet_libwallet-4.0.0/src/slate_versions/v4_bin.rs:350:34
[INFO] [stdout]     |
[INFO] [stdout] 350 |             1 | _ => Some(DalekSignature::from_bytes(&reader.read_fixed_bytes(64)?).unwrap()),
[INFO] [stdout]     |                                           ^^^^^^^^^^
[INFO] [stdout]     |                                           |
[INFO] [stdout]     |                                           function or associated item not found in `ed25519_dalek::Signature`
[INFO] [stdout]     |                                           help: there is an associated function with a similar name: `to_bytes`
[INFO] [stdout]     |
[INFO] [stdout]     = help: items from traits can only be used if the trait is in scope
[INFO] [stdout]     = note: the following trait is implemented but not in scope; perhaps add a `use` for it:
[INFO] [stdout]             `use ed25519_dalek::ed25519::signature::Signature;`
[INFO] [stdout] 
[INFO] [stdout] 
[INFO] [stdout] error: aborting due to 8 previous errors
[INFO] [stdout] 
[INFO] [stdout] 
[INFO] [stdout] For more information about this error, try `rustc --explain E0599`.
[INFO] [stdout] 
[INFO] [stderr] error: could not compile `grin_wallet_libwallet`.
[INFO] [stderr] 
[INFO] [stderr] To learn more, run the command again with --verbose.
[INFO] running `Command { std: "docker" "inspect" "1d68a462633fdbd9ac79c2c525201a8ea32111d44fa322e76de84d2a4e912ad7", kill_on_drop: false }`
[INFO] running `Command { std: "docker" "rm" "-f" "1d68a462633fdbd9ac79c2c525201a8ea32111d44fa322e76de84d2a4e912ad7", kill_on_drop: false }`
[INFO] [stdout] 1d68a462633fdbd9ac79c2c525201a8ea32111d44fa322e76de84d2a4e912ad7
